ghest common factor of 29750 and 510.
170
What is the highest common factor of 102 and 51?
51
What is the highest common factor of 1584 and 27?
9
Calculate the greatest common factor of 240 and 168.
24
Calculate the highest common divisor of 70 and 280.
70
Calculate the greatest common divisor of 8816 and 348.
116
What is the highest common divisor of 45445 and 183?
61
Calculate the greatest common factor of 19 and 551.
19
Calculate the highest common factor of 517 and 33.
11
What is the highest common factor of 89438 and 197?
197
Calculate the highest common factor of 3798 and 36.
18
Calculate the highest common factor of 22 and 682.
22
What is the greatest common factor of 38 and 247?
19
What is the greatest common factor of 4676 and 28?
28
Calculate the highest common factor of 88 and 2024.
88
What is the greatest common divisor of 26 and 1118?
26
What is the greatest common factor of 60608 and 16?
16
Calculate the highest common factor of 56 and 756.
28
What is the highest common factor of 495 and 45?
45
Calculate the greatest common factor of 42 and 474.
6
What is the greatest common factor of 26 and 39?
13
Calculate the highest common factor of 1391 and 107.
107
What is the greatest common factor of 32 and 4416?
32
What is the highest common factor of 102 and 136?
34
Calculate the highest common divisor of 92 and 46.
46
Calculate the greatest common factor of 243 and 18.
9
Calculate the highest common divisor of 1417 and 494.
13
What is the highest common factor of 228 and 608?
76
What is the greatest common divisor of 943 and 123?
41
Calculate the greatest common factor of 145 and 232.
29
What is the highest common divisor of 169 and 676?
169
What is the highest common factor of 4 and 114?
2
Calculate the highest common factor of 208 and 78.
26
What is the greatest common divisor of 23 and 575?
23
What is the greatest common factor of 140 and 25?
5
What is the greatest common factor of 10 and 1570?
10
Calculate the highest common divisor of 900 and 36.
36
Calculate the greatest common factor of 7744 and 66.
22
What is the highest common divisor of 1143 and 72?
9
What is the highest common factor of 765 and 10?
5
Calculate the highest common divisor of 26 and 936.
26
What is the greatest common factor of 10 and 10?
10
Calculate the highest common factor of 122 and 62.
2
Calculate the highest common divisor of 115 and 5.
5
Calculate the greatest common factor of 10 and 50.
10
What is the greatest common factor of 460 and 1035?
115
What is the highest common factor of 164 and 14514?
82
What is the highest common divisor of 51 and 357?
51
What is the highest common factor of 343 and 1036?
7
Calculate the highest common factor of 168 and 112.
56
Calculate the greatest common factor of 481 and 351.
13
What is the greatest common divisor of 10 and 15?
5
Calculate the highest common divisor of 651 and 21.
21
What is the highest common divisor of 19 and 2?
1
What is the highest common factor of 1419 and 3?
3
What is the greatest common divisor of 17 and 2669?
17
What is the highest common divisor of 405 and 117?
9
What is the highest common factor of 40083 and 93?
93
What is the greatest common divisor of 1377 and 81?
81
What is the greatest common factor of 2563 and 22?
11
What is the highest common divisor of 1485 and 22?
11
What is the greatest common factor of 18962 and 38?
38
What is the greatest common factor of 14 and 6?
2
What is the greatest common factor of 2192 and 685?
137
Calculate the greatest common divisor of 60 and 165.
15
What is the greatest common divisor of 20 and 4885?
5
What is the highest common factor of 14162 and 438?
146
Calculate the greatest common factor of 168 and 63.
21
What is the highest common factor of 962 and 286?
26
What is the greatest common factor of 203 and 464?
29
Calculate the greatest common divisor of 122 and 3721.
61
Calculate the highest common divisor of 38 and 76.
38
What is the greatest common factor of 4 and 48968?
4
Calculate the highest common divisor of 20 and 230.
10
Calculate the greatest common factor of 4972 and 44.
44
Calculate the greatest common factor of 1044 and 66.
6
Calculate the highest common factor of 78 and 19578.
78
Calculate the highest common divisor of 378 and 13482.
126
Calculate the greatest common divisor of 156 and 3549.
39
What is the greatest common factor of 24 and 39?
3
What is the highest common divisor of 1 and 4?
1
Calculate the greatest common factor of 155 and 1333.
31
What is the highest common factor of 320 and 3392?
64
What is the greatest common divisor of 11187 and 99?
99
What is the highest common divisor of 63 and 35?
7
Calculate the highest common divisor of 136 and 85.
17
Calculate the greatest common divisor of 3432 and 2904.
264
Calculate the greatest common factor of 120 and 1160.
40
Calculate the greatest common divisor of 896 and 56.
56
Calculate the greatest common divisor of 25 and 4150.
25
Calculate the highest common factor of 1 and 379.
1
What is the highest common factor of 9840 and 240?
240
What is the greatest common divisor of 403 and 26?
13
Calculate the greatest common divisor of 297 and 110.
11
What is the greatest common divisor of 308 and 1980?
44
Calculate the greatest common divisor of 2065 and 35.
35
Calculate the greatest common factor of 40 and 280.
40
What is the greatest common divisor of 54 and 5454?
54
What is the highest common factor of 103 and 20291?
103
Calculate the greatest common divisor of 5470 and 50.
10
What is the highest common divisor of 60 and 2268?
12
What is the highest common divisor of 2788 and 68?
68
Calculate the greatest common factor of 18 and 558.
18
Calculate the greatest common factor of 34 and 4658.
34
Calculate the highest common divisor of 50 and 5.
5
Calculate the highest common divisor of 8720 and 8.
8
What is the greatest common divisor of 9 and 3987?
9
Calculate the highest common divisor of 96 and 276.
12
What is the greatest common divisor of 132 and 88?
44
Calculate the highest common factor of 156 and 12.
12
What is the highest common divisor of 45 and 1125?
45
Calculate the highest common factor of 1826 and 22.
22
What is the greatest common factor of 12 and 186?
6
What is the highest common factor of 140 and 17444?
28
What is the highest common factor of 237 and 1027?
79
What is the highest common divisor of 27 and 36?
9
What is the greatest common divisor of 484 and 44?
44
Calculate the highest common factor of 770 and 1134.
14
Calculate the greatest common divisor of 47678 and 62.
62
Calculate the highest common factor of 35 and 875.
35
Calculate the greatest common divisor of 3120 and 2640.
240
Calculate the greatest common factor of 36 and 612.
36
Calculate the greatest common divisor of 40 and 540.
20
What is the highest common factor of 4972 and 308?
44
Calculate the greatest common divisor of 399 and 224.
7
What is the greatest common factor of 4041 and 6?
3
What is the greatest common factor of 62 and 3038?
62
What is the greatest common factor of 544 and 68?
68
Calculate the highest common factor of 253 and 44.
11
What is the greatest common factor of 11581 and 1252?
313
What is the highest common factor of 8 and 256?
8
Calculate the greatest common divisor of 972 and 36.
36
What is the greatest common factor of 770 and 308?
154
What is the highest common factor of 136 and 24?
8
Calculate the greatest common factor of 45 and 18855.
45
What is the greatest common factor of 209 and 304?
19
Calculate the highest common factor of 21 and 1911.
21
What is the greatest common divisor of 3358 and 292?
146
What is the greatest common divisor of 20 and 34560?
20
What is the highest common divisor of 24628 and 188?
188
What is the greatest common divisor of 168 and 896?
56
What is the greatest common factor of 156 and 5088?
12
Calculate the highest common divisor of 47 and 47.
47
Calculate the greatest common divisor of 1485 and 855.
45
Calculate the highest common divisor of 594 and 108.
54
Calculate the highest common divisor of 2864 and 64.
16
What is the highest common divisor of 144 and 10104?
24
Calculate the highest common divisor of 21 and 56.
7
What is the greatest common factor of 28 and 42?
14
What is the greatest common divisor of 12 and 2094?
6
What is the highest common